{"id":166,"date":"2023-09-29T21:13:55","date_gmt":"2023-09-29T19:13:55","guid":{"rendered":"http:\/\/adrienmoulard.com\/?page_id=166"},"modified":"2023-12-13T11:58:51","modified_gmt":"2023-12-13T10:58:51","slug":"mon-parcours","status":"publish","type":"page","link":"https:\/\/adrienmoulard.com\/index.php\/mon-parcours\/","title":{"rendered":"Mon parcours"},"content":{"rendered":"\t\t<div data-elementor-type=\"wp-page\" data-elementor-id=\"166\" class=\"elementor elementor-166\" data-elementor-settings=\"{&quot;ha_cmc_init_switcher&quot;:&quot;no&quot;}\" data-elementor-post-type=\"page\">\n\t\t\t\t<div class=\"elementor-element elementor-element-24750de e-flex e-con-boxed e-con e-parent\" data-id=\"24750de\" data-element_type=\"container\" data-e-type=\"container\" data-settings=\"{&quot;_ha_eqh_enable&quot;:false}\">\n\t\t\t\t\t<div class=\"e-con-inner\">\n\t\t<div class=\"elementor-element elementor-element-a8014fd e-con-full e-flex e-con e-child\" data-id=\"a8014fd\" data-element_type=\"container\" data-e-type=\"container\" data-settings=\"{&quot;_ha_eqh_enable&quot;:false}\">\n\t\t<div class=\"elementor-element elementor-element-19c8b48 e-con-full e-flex e-con e-child\" data-id=\"19c8b48\" data-element_type=\"container\" data-e-type=\"container\" data-settings=\"{&quot;_ha_eqh_enable&quot;:false}\">\n\t\t\t\t<div class=\"elementor-element elementor-element-075013f ha-has-bg-overlay elementor-widget elementor-widget-image\" data-id=\"075013f\" data-element_type=\"widget\" data-e-type=\"widget\" data-widget_type=\"image.default\">\n\t\t\t\t<div class=\"elementor-widget-container\">\n\t\t\t\t\t\t\t\t\t\t\t\t\t\t\t<img fetchpriority=\"high\" decoding=\"async\" width=\"393\" height=\"484\" src=\"https:\/\/adrienmoulard.com\/wp-content\/uploads\/2023\/09\/230714-Maquette_Page_Accueil_0001s_0005s_0000s_0000_Calque-3.png\" class=\"attachment-large size-large wp-image-36\" alt=\"\" srcset=\"https:\/\/adrienmoulard.com\/wp-content\/uploads\/2023\/09\/230714-Maquette_Page_Accueil_0001s_0005s_0000s_0000_Calque-3.png 393w, https:\/\/adrienmoulard.com\/wp-content\/uploads\/2023\/09\/230714-Maquette_Page_Accueil_0001s_0005s_0000s_0000_Calque-3-244x300.png 244w\" sizes=\"(max-width: 393px) 100vw, 393px\" \/>\t\t\t\t\t\t\t\t\t\t\t\t\t\t\t<\/div>\n\t\t\t\t<\/div>\n\t\t\t\t<\/div>\n\t\t\t\t<div class=\"elementor-element elementor-element-3429596 elementor-widget elementor-widget-heading\" data-id=\"3429596\" data-element_type=\"widget\" data-e-type=\"widget\" data-widget_type=\"heading.default\">\n\t\t\t\t<div class=\"elementor-widget-container\">\n\t\t\t\t\t<h2 class=\"elementor-heading-title elementor-size-default\">Adrien moulard<\/h2>\t\t\t\t<\/div>\n\t\t\t\t<\/div>\n\t\t\t\t<div class=\"elementor-element elementor-element-543cbdd elementor-widget elementor-widget-text-editor\" data-id=\"543cbdd\" data-element_type=\"widget\" data-e-type=\"widget\" data-widget_type=\"text-editor.default\">\n\t\t\t\t<div class=\"elementor-widget-container\">\n\t\t\t\t\t\t\t\t\t<p>Qui suis-je ?<\/p>\t\t\t\t\t\t\t\t<\/div>\n\t\t\t\t<\/div>\n\t\t\t\t<\/div>\n\t\t<div class=\"elementor-element elementor-element-bfce1ae e-flex e-con-boxed e-con e-child\" data-id=\"bfce1ae\" data-element_type=\"container\" data-e-type=\"container\" data-settings=\"{&quot;_ha_eqh_enable&quot;:false}\">\n\t\t\t\t\t<div class=\"e-con-inner\">\n\t\t\t\t<div class=\"elementor-element elementor-element-54e3225 elementor-tabs-view-horizontal elementor-widget elementor-widget-tabs\" data-id=\"54e3225\" data-element_type=\"widget\" data-e-type=\"widget\" data-widget_type=\"tabs.default\">\n\t\t\t\t<div class=\"elementor-widget-container\">\n\t\t\t\t\t\t\t<div class=\"elementor-tabs\">\n\t\t\t<div class=\"elementor-tabs-wrapper\" role=\"tablist\" >\n\t\t\t\t\t\t\t\t\t<div id=\"elementor-tab-title-8901\" class=\"elementor-tab-title elementor-tab-desktop-title\" aria-selected=\"true\" data-tab=\"1\" role=\"tab\" tabindex=\"0\" aria-controls=\"elementor-tab-content-8901\" aria-expanded=\"false\">Je suis hypnologue<\/div>\n\t\t\t\t\t\t\t\t\t<div id=\"elementor-tab-title-8902\" class=\"elementor-tab-title elementor-tab-desktop-title\" aria-selected=\"false\" data-tab=\"2\" role=\"tab\" tabindex=\"-1\" aria-controls=\"elementor-tab-content-8902\" aria-expanded=\"false\">Je suis papa gaga<\/div>\n\t\t\t\t\t\t\t\t\t<div id=\"elementor-tab-title-8903\" class=\"elementor-tab-title elementor-tab-desktop-title\" aria-selected=\"false\" data-tab=\"3\" role=\"tab\" tabindex=\"-1\" aria-controls=\"elementor-tab-content-8903\" aria-expanded=\"false\">Je fais le maximum\u2026<\/div>\n\t\t\t\t\t\t\t<\/div>\n\t\t\t<div class=\"elementor-tabs-content-wrapper\" role=\"tablist\" aria-orientation=\"vertical\">\n\t\t\t\t\t\t\t\t\t<div class=\"elementor-tab-title elementor-tab-mobile-title\" aria-selected=\"true\" data-tab=\"1\" role=\"tab\" tabindex=\"0\" aria-controls=\"elementor-tab-content-8901\" aria-expanded=\"false\">Je suis hypnologue<\/div>\n\t\t\t\t\t<div id=\"elementor-tab-content-8901\" class=\"elementor-tab-content elementor-clearfix\" data-tab=\"1\" role=\"tabpanel\" aria-labelledby=\"elementor-tab-title-8901\" tabindex=\"0\" hidden=\"false\"><p>c&rsquo;est-\u00e0-dire que je fais de la recherche en hypnose, appliqu\u00e9e \u00e0 3 domaines :<\/p><ol><li>L&rsquo;hypnoth\u00e9rapie, avec l&rsquo;accompagnement individuel (sp\u00e9cialis\u00e9 sur les crises d&rsquo;angoisse), la formation et la supervision<\/li><li>Le monde de l&rsquo;entreprise, o\u00f9 j&rsquo;adapte les outils de l&rsquo;hypnose aux enjeux professionnels (du coaching aux s\u00e9minaires en passant par des formations et des ateliers, comme la gestion des conflits, la prise de parole en public, la concentration, etc.)<\/li><li>Cr\u00e9atif, j&rsquo;utilise l&rsquo;hypnose pour bonifier d&rsquo;autres pratiques, avec en particulier les D\u00e9gustations Amplifi\u00e9es par l&rsquo;Hypnose, que je d\u00e9veloppe avec une oenologue depuis 2017.<br \/>Hypnologue depuis 2013, je suis en recherche permanente pour am\u00e9liorer ma pratique de l&rsquo;hypnose et comment elle peut bonifier la vie.<\/li><\/ol><\/div>\n\t\t\t\t\t\t\t\t\t<div class=\"elementor-tab-title elementor-tab-mobile-title\" aria-selected=\"false\" data-tab=\"2\" role=\"tab\" tabindex=\"-1\" aria-controls=\"elementor-tab-content-8902\" aria-expanded=\"false\">Je suis papa gaga<\/div>\n\t\t\t\t\t<div id=\"elementor-tab-content-8902\" class=\"elementor-tab-content elementor-clearfix\" data-tab=\"2\" role=\"tabpanel\" aria-labelledby=\"elementor-tab-title-8902\" tabindex=\"0\" hidden=\"hidden\"><p>d&rsquo;un petit (grand) Timoth\u00e9e, n\u00e9 le 11 janvier 2022.<\/p><p>J&rsquo;ai grandi \u00e0 Paris, mais me sens citoyen du monde. J&rsquo;ai fait mes \u00e9tudes de management (ne sachant pas ce que je voulais faire de ma vie, j&rsquo;ai suivi un temps les rails parentaux) \u00e0 Lyon, en Chine et Ta\u00efwan (j&rsquo;ai quelques bases de mandarin, mais ne suis jamais all\u00e9 au-del\u00e0). <br \/>J&rsquo;ai \u00e9norm\u00e9ment voyag\u00e9, en famille (beaucoup de randonn\u00e9es), avec des amis, et en solo, notamment lors d&rsquo;un tour du monde initiatique (qui se r\u00e9v\u00e9lera \u00eatre 2 tours des Am\u00e9riques) : je sentais que je ne voulais plus \u00eatre consultant en conduite du changement en entreprise (premi\u00e8re partie de ma carri\u00e8re), mais ne savais pas quoi faire. <br \/>Lors d&rsquo;une transe \u00e9thylique pour le Nouvel An (2010), j&rsquo;ai eu un flash : moi qui adore les langues \u00e9trang\u00e8res et qui ai fait allemand LV1, j&rsquo;allais faire un tour du monde. <br \/>Au pire, j&rsquo;apprendrai l&rsquo;espagnol, au mieux je trouverai ma voie. <br \/>Il m&rsquo;a alors fallu plus d&rsquo;un an pour quitter raisonnablement mon entreprise. <br \/>Entre temps j&rsquo;ai rencontr\u00e9 l&rsquo;hypnose comme une \u00e9vidence : j&rsquo;avais donc trouv\u00e9 ce que j&rsquo;\u00e9tais parti chercher&#8230; avant m\u00eame que mon voyage n&rsquo;ait commenc\u00e9.<br \/>Je pratique aujourd&rsquo;hui r\u00e9guli\u00e8rement en fran\u00e7ais, anglais et espagnol.<br \/>Et j&rsquo;ai notamment con\u00e7u un programme pour aider les gens \u00e0 apprendre et utiliser les langues \u00e9trang\u00e8res avec aisance.<\/p><\/div>\n\t\t\t\t\t\t\t\t\t<div class=\"elementor-tab-title elementor-tab-mobile-title\" aria-selected=\"false\" data-tab=\"3\" role=\"tab\" tabindex=\"-1\" aria-controls=\"elementor-tab-content-8903\" aria-expanded=\"false\">Je fais le maximum\u2026<\/div>\n\t\t\t\t\t<div id=\"elementor-tab-content-8903\" class=\"elementor-tab-content elementor-clearfix\" data-tab=\"3\" role=\"tabpanel\" aria-labelledby=\"elementor-tab-title-8903\" tabindex=\"0\" hidden=\"hidden\"><p>Je fais le maximum et travaille activement pour que mes accompagnements soient les plus s\u00e9curisants, respectueux et inclusifs possibles, dans l&rsquo;accueil bienveillant de toutes formes de diversit\u00e9 et d&rsquo;expression de soi.<\/p><\/div>\n\t\t\t\t\t\t\t<\/div>\n\t\t<\/div>\n\t\t\t\t\t\t<\/div>\n\t\t\t\t<\/div>\n\t\t\t\t\t<\/div>\n\t\t\t\t<\/div>\n\t\t\t\t\t<\/div>\n\t\t\t\t<\/div>\n\t\t\t\t<\/div>\n\t\t","protected":false},"excerpt":{"rendered":"<p>Adrien moulard Qui suis-je ? Je suis hypnologue Je suis papa gaga Je fais le maximum\u2026 Je suis hypnologue c&#8217;est-\u00e0-dire que je fais de la recherche en hypnose, appliqu\u00e9e \u00e0 3 domaines : L&#8217;hypnoth\u00e9rapie, avec l&#8217;accompagnement individuel (sp\u00e9cialis\u00e9 sur les crises d&#8217;angoisse), la formation et la supervision Le monde de l&#8217;entreprise, o\u00f9 j&#8217;adapte les outils [&hellip;]<\/p>\n","protected":false},"author":1,"featured_media":0,"parent":0,"menu_order":0,"comment_status":"closed","ping_status":"closed","template":"","meta":{"footnotes":""},"class_list":["post-166","page","type-page","status-publish","hentry"],"_links":{"self":[{"href":"https:\/\/adrienmoulard.com\/index.php\/wp-json\/wp\/v2\/pages\/166","targetHints":{"allow":["GET"]}}],"collection":[{"href":"https:\/\/adrienmoulard.com\/index.php\/wp-json\/wp\/v2\/pages"}],"about":[{"href":"https:\/\/adrienmoulard.com\/index.php\/wp-json\/wp\/v2\/types\/page"}],"author":[{"embeddable":true,"href":"https:\/\/adrienmoulard.com\/index.php\/wp-json\/wp\/v2\/users\/1"}],"replies":[{"embeddable":true,"href":"https:\/\/adrienmoulard.com\/index.php\/wp-json\/wp\/v2\/comments?post=166"}],"version-history":[{"count":52,"href":"https:\/\/adrienmoulard.com\/index.php\/wp-json\/wp\/v2\/pages\/166\/revisions"}],"predecessor-version":[{"id":1110,"href":"https:\/\/adrienmoulard.com\/index.php\/wp-json\/wp\/v2\/pages\/166\/revisions\/1110"}],"wp:attachment":[{"href":"https:\/\/adrienmoulard.com\/index.php\/wp-json\/wp\/v2\/media?parent=166"}],"curies":[{"name":"wp","href":"https:\/\/api.w.org\/{rel}","templated":true}]}}